{"id":5,"date":"2023-04-13T10:27:11","date_gmt":"2023-04-13T08:27:11","guid":{"rendered":"https:\/\/kleindaten.org\/rattenreport\/?page_id=5"},"modified":"2023-05-23T12:38:40","modified_gmt":"2023-05-23T10:38:40","slug":"rattenreport","status":"publish","type":"page","link":"https:\/\/kleindaten.org\/rattenreport\/","title":{"rendered":"Rattenreport"},"content":{"rendered":"<p>Diese Sammlung von Zitaten &amp; Artikeln stammt von Bottrop XXL, der wohl legend\u00e4rsten zeitgeschichtlichen Internetseite der <a href=\"http:\/\/www.bottrop.de\">Stadt Bottrop<\/a>. Stets kritisch,  mit viel Gemunkel und einer zuverl\u00e4ssigen Ger\u00fcchtek\u00fcche. Das sch\u00f6nste war, das damals niemand  wu\u00dfte, wer \u00fcberhaupt dahintersteckt (Man vermutete Personen aus dem Amt). Bottrop XXL ist seit ca. 1999 offline, gro\u00dfe Teile davon befinden sich jedoch noch (leider ohne Grafiken)  im <a title=\"Bottrop XXL im Internetarchiv\" href=\"http:\/\/web.archive.org\/web\/19990219103406\/www.geocities.com\/SoHo\/Lofts\/9910\/ratten.html\">Internetarchiv.<\/a><\/p>\n","protected":false},"excerpt":{"rendered":"<p>Diese Sammlung von Zitaten &amp; Artikeln stammt von Bottrop XXL, der wohl legend\u00e4rsten zeitgeschichtlichen Internetseite der Stadt Bottrop. Stets kritisch, mit viel Gemunkel und einer zuverl\u00e4ssigen Ger\u00fcchtek\u00fcche. Das sch\u00f6nste war, das damals niemand wu\u00dfte, wer \u00fcberhaupt dahintersteckt (Man vermutete Personen aus dem Amt). Bottrop XXL ist seit ca. 1999 offline, gro\u00dfe Teile davon befinden sich [&hellip;]<\/p>\n","protected":false},"author":1,"featured_media":0,"parent":0,"menu_order":0,"comment_status":"closed","ping_status":"closed","template":"","meta":{"footnotes":""},"class_list":["post-5","page","type-page","status-publish","hentry"],"aioseo_notices":[],"_links":{"self":[{"href":"https:\/\/kleindaten.org\/rattenreport\/wp-json\/wp\/v2\/pages\/5","targetHints":{"allow":["GET"]}}],"collection":[{"href":"https:\/\/kleindaten.org\/rattenreport\/wp-json\/wp\/v2\/pages"}],"about":[{"href":"https:\/\/kleindaten.org\/rattenreport\/wp-json\/wp\/v2\/types\/page"}],"author":[{"embeddable":true,"href":"https:\/\/kleindaten.org\/rattenreport\/wp-json\/wp\/v2\/users\/1"}],"replies":[{"embeddable":true,"href":"https:\/\/kleindaten.org\/rattenreport\/wp-json\/wp\/v2\/comments?post=5"}],"version-history":[{"count":0,"href":"https:\/\/kleindaten.org\/rattenreport\/wp-json\/wp\/v2\/pages\/5\/revisions"}],"wp:attachment":[{"href":"https:\/\/kleindaten.org\/rattenreport\/wp-json\/wp\/v2\/media?parent=5"}],"curies":[{"name":"wp","href":"https:\/\/api.w.org\/{rel}","templated":true}]}}